e
Does 4 divide 229828?
True
Is 54140 a multiple of 2?
True
Is 2323299 a multiple of 3?
True
Is 8444744 a multiple of 88?
True
Is 32 a factor of 592832?
True
Is 66 a factor of 704352?
True
Does 22 divide 59990?
False
Is 23 a factor of 80385?
True
Is 52290 a multiple of 42?
True
Is 1523366 a multiple of 338?
True
Does 21 divide 6382404?
True
Is 67 a factor of 563142?
False
Is 24 a factor of 3001138?
False
Is 19 a factor of 1770909?
False
Does 540 divide 2040120?
True
Does 310 divide 6489902?
False
Does 121 divide 354772?
True
Does 21 divide 6007239?
True
Does 31 divide 1337822?
False
Does 385 divide 21160?
False
Is 985 a factor of 2342330?
True
Is 15 a factor of 3152025?
True
Is 481729 a multiple of 28?
False
Is 43 a factor of 146655?
False
Is 27840 a multiple of 588?
False
Is 176 a factor of 26576?
True
Is 6 a factor of 44796?
True
Is 63 a factor of 368613?
True
Is 36328 a multiple of 10?
False
Does 17 divide 830493?
False
Is 87618 a multiple of 34?
True
Is 895 a factor of 1505274?
False
Is 3 a factor of 202904?
False
Is 445170 a multiple of 66?
True
Does 1759 divide 22879092?
False
Is 362 a factor of 372394?
False
Is 406912 a multiple of 16?
True
Is 688272 a multiple of 48?
True
Is 180 a factor of 213063?
False
Is 523 a factor of 91525?
True
Is 13 a factor of 540514?
True
Is 74 a factor of 28786130?
False
Is 57 a factor of 751153?
False
Is 10 a factor of 582228?
False
Is 35 a factor of 270655?
True
Is 546097 a multiple of 239?
False
Does 55 divide 2055513?
False
Is 1419264 a multiple of 1056?
True
Is 667 a factor of 205749?
False
Is 8170617 a multiple of 21?
True
Is 9538145 a multiple of 1679?
False
Is 485 a factor of 776000?
True
Is 28955 even?
False
Does 22 divide 5597922?
True
Is 227027 a multiple of 159?
False
Is 13 a factor of 3210727?
True
Is 764498 a multiple of 49?
True
Does 402 divide 17037766?
False
Does 40 divide 7065960?
True
Is 170551 a multiple of 10?
False
Does 78 divide 56375?
False
Is 8436369 a multiple of 1411?
True
Is 512415 a multiple of 7?
False
Is 314727 a multiple of 21?
True
Is 879715 a multiple of 5?
True
Does 17 divide 53414?
True
Is 8 a factor of 439609?
False
Is 79062 a multiple of 6?
True
Is 19 a factor of 4785283?
True
Is 215 a factor of 5514320?
True
Is 3012 a factor of 22813573?
False
Is 84 a factor of 2051569?
False
Does 63 divide 1554877?
False
Is 7929063 a multiple of 13?
False
Is 26 a factor of 2552472?
True
Is 8109628 a multiple of 99?
False
Is 101262 even?
True
Does 189 divide 790209?
True
Is 3022771 a multiple of 369?
False
Is 512 a factor of 86855?
False
Is 14 a factor of 10290?
True
Is 167 a factor of 16336?
False
Is 2 a factor of 198819?
False
Is 55 a factor of 335005?
True
Is 16 a factor of 6357952?
True
Does 5 divide 6745859?
False
Is 34 a factor of 9717268?
True
Does 154 divide 9858735?
False
Is 34 a factor of 650692?
True
Is 179360 a multiple of 118?
True
Is 25 a factor of 12575?
True
Is 466690 a multiple of 413?
True
Does 40 divide 80560?
True
Is 215470 a multiple of 135?
False
Is 602232 a multiple of 46?
True
Does 88 divide 849552?
True
Is 12 a factor of 4969117?
False
Does 64 divide 116416?
True
Is 7 a factor of 4516144?
False
Is 17 a factor of 4506428?
True
Is 70851 a multiple of 116?
False
Does 42 divide 300510?
True
Does 9 divide 3311743?
False
Is 507863 a multiple of 71?
True
Is 8637536 a multiple of 32?
True
Is 3847676 a multiple of 13?
False
Is 909804 a multiple of 87?
False
Does 29 divide 83308?
False
Is 656908 a multiple of 116?
True
Is 383586 a multiple of 42?
True
Is 2621419 a multiple of 85?
False
Does 16 divide 2201711?
False
Is 372687 a multiple of 16?
False
Is 274 a factor of 432646?
True
Does 7 divide 713167?
True
Does 379 divide 467849?
False
Is 115 a factor of 65839?
False
Is 7 a factor of 55615?
True
Is 30 a factor of 506100?
True
Does 276 divide 2378016?
True
Does 138 divide 104328?
True
Is 1052884 a multiple of 31?
True
Is 73364 a multiple of 17?
False
Is 158642 a multiple of 11?
True
Is 420 a factor of 802197?
False
Is 233224 a multiple of 27?
False
Does 5 divide 23750?
True
Is 2076648 a multiple of 12?
True
Is 45 a factor of 156604?
False
Is 90 a factor of 8628660?
True
Does 3 divide 296?
False
Does 134 divide 1265094?
True
Does 152 divide 9639840?
True
Is 1058292 a multiple of 12?
True
Is 572 a factor of 935220?
True
Is 608760 a multiple of 285?
True
Is 5081999 a multiple of 169?
True
Does 887 divide 6809301?
False
Is 3621024 a multiple of 144?
True
Does 1627 divide 13356043?
True
Does 122 divide 94550?
True
Is 496800 a multiple of 6?
True
Does 55 divide 3207711?
False
Is 2 a factor of 158055?
False
Is 75 a factor of 260513?
False
Is 204825 a multiple of 32?
False
Is 4022387 a multiple of 19?
False
Is 33 a factor of 1710699?
False
Is 195 a factor of 188955?
True
Is 481788 a multiple of 81?
True
Is 77 a factor of 67298?
True
Does 6 divide 382770?
True
Is 287 a factor of 3697200?
False
Is 39 a factor of 338363?
False
Is 16 a factor of 1295324?
False
Does 290 divide 316862?
False
Is 10336030 a multiple of 607?
False
Is 638755 a multiple of 41?
False
Does 11 divide 577729?
False
Does 55 divide 270215?
True
Does 179 divide 140336?
True
Does 3 divide 15726?
True
Is 488 a factor of 1003781?
False
Is 321200 a multiple of 584?
True
Is 981138 a multiple of 8?
False
Is 6 a factor of 247685?
False
Is 6026144 a multiple of 210?
False
Is 123459 a multiple of 21?
True
Is 93810 a multiple of 295?
True
Is 442187 a multiple of 26?
False
Is 379827 a multiple of 9?
True
Is 123004 a multiple of 191?
True
Is 55 a factor of 4922095?
False
Is 1273004 a multiple of 23?
True
Does 12 divide 24576?
True
Does 2 divide 160588?
True
Is 257 a factor of 2979341?
False
Is 35 a factor of 964390?
True
Is 180 a factor of 827174?
False
Is 644022 a multiple of 37?
True
Does 79 divide 229459?
False
Does 170 divide 14152160?
True
Is 3 a factor of 457?
False
Does 26 divide 3960034?
True
Is 81881 a multiple of 28?
False
Does 196 divide 233044?
True
Is 500018 a multiple of 37?
True
Is 1081602 a multiple of 221?
False
Is 4631 a multiple of 44?
False
Is 127302 a multiple of 294?
True
Is 1682966 a multiple of 401?
False
Is 282873 a multiple of 2?
False
Does 473 divide 6945127?
False
Is 5 a factor of 10958890?
True
Is 61853 a multiple of 9?
False
Is 118 a factor of 124018?
True
Is 38685 a multiple of 236?
False
Is 60288 a multiple of 24?
True
Does 14 divide 792470?
True
Is 12 a factor of 6888?
True
Is 478966 a multiple of 71?
True
Is 1904196 a multiple of 26?
False
Is 349 a factor of 630243?
False
Is 18 a factor of 1237139?
False
Is 958944 a multiple of 27?
False
Does 18 divide 1208368?
False
Is 58738 a multiple of 13?
False
Is 2462175 a multiple of 279?
True
Is 1608571 a multiple of 121?
False
Is 1298968 a multiple of 136?
False
Is 178093 a multiple of 173?
False
Is 31140 a multiple of 18?
True
Is 13859370 a multiple of 21?
True
Does 192 divide 418395?
False
Is 879 a factor of 6298166?
False
Is 27 a factor of 67157?
False
Is 91 a factor of 249727?
False
Is 10 a factor of 113719?
False
Is 981272 a multiple of 21?
False
Is 8 a factor of 915696?
True
Is 32716 a multiple of 3?
False
Is 70 a factor of 1673630?
True
Does 5 divide 41859?
False
Is 300 a factor of 9900?
True
Is 2388584 a multiple of 260?
False
Is 42161 a multiple of 19?
True
Is 21004906 a multiple of 26?
True
Is 33 a factor of 213549?
False
Does 33 divide 1955587?
False
Is 864748 a multiple of 25?
False
Is 1307 a factor of 1740924?
True
Does 635 divide 3576955?
True
Is 26 a factor of 1774820?
False
Is 5271643 a multiple of 923?
False
Does 7 divide 458003?
True
Is 37 a factor of 766999?
False
Is 3752 a multiple of 457?
False
Is 4556600 a multiple of 40?
True
Is 46 a factor of 190469?
False
Is 18 a factor of 253926?
True
Is 474 a factor of 210787?
False
Does 6 divide 254332?
False
Is 165078 a multiple of 116?
False
Does 619 divide 3280621?
False
Does 3 divide 269016?
True
Is 1268744 a multiple of 76?
True
Is 411750 a multiple of 25?
True
Is 805 a factor of 3139852?
False
Is 350 a factor of 2317121?
False
Is 5491248 a multiple of 944?
True
Does 597 divide 516405?
True
Is 9 a factor of 409566?
False
Does 27 divide 154984?
False
Is 124 a factor of 283600?
False
Is 142442 a multiple of 86?
False
Is 416944 a multiple of 11?
True
Is 33 a factor of 2002275?
True
I